alculate the remainder when m is divided by 17.
16
Let r(q) = -q + 7. What is the remainder when 1 - (-4 + -33 + 1) is divided by r(-3)?
7
Let j = -33 + 33. Suppose o = -j*o + 79. What is the remainder when o is divided by 16?
15
Let j = -12 + 27. Suppose j = 2*g - 39. What is the remainder when g is divided by 7?
6
What is the remainder when 66 is divided by 84/154 - 126/(-11)?
6
Let w = -6 - 34. Let j be (-304)/w - 2/(-5). Let f = 46 - j. Calculate the remainder when f is divided by 8.
6
Suppose 0 = -2*h - 11 + 35. Let n(s) = -21*s + 166. Calculate the remainder when n(7) is divided by h.
7
Let h = 6 - -15. Calculate the remainder when 20/5 - 37*-1 is divided by h.
20
Let k(l) be the first derivative of l**2/2 + 14*l - 25. What is the remainder when k(5) is divided by 10?
9
Let l = 0 - -12. Suppose -l*r + 15*r = 0. Suppose 0*z - 3*z + 5*k + 83 = 0, r = 2*z - 2*k - 50. Calculate the remainder when z is divided by 6.
3
Let a = -748 - -792. Calculate the remainder when a is divided by 15.
14
Suppose -69 = 5*q - 8*q. Let z = 76 - 31. Calculate the remainder when z is divided by q.
22
Let n(l) = -7*l**2 + 5*l + 4. Let p(c) = 8*c**2 - 4*c - 3. Let o(s) = 3*n(s) + 4*p(s). Let a = 25 + -14. What is the remainder when o(2) is divided by a?
9
Let z(i) = 2*i**3 + i**2 + 2*i + 9. What is the remainder when 63 is divided by z(0)?
0
Let l be ((-2)/5)/((-1)/80). Let o = -23 + l. Suppose -13*v + 12 = -o*v. What is the remainder when 7 is divided by v?
1
Let m(o) = -5*o + 4. Let g be m(2). Let u(l) = l**3 + 10*l**2 + 12*l - 18. Calculate the remainder when u(g) is divided by 20.
14
Let h(u) = -u**2 - 4*u + 5. Let k be h(-4). Suppose -4*z + 223 = k*v, -3*z + 2*v = -0*z - 173. What is the remainder when z is divided by 12?
9
Suppose 4*x - 9 - 307 = 0. What is the remainder when x is divided by 14?
9
Let n(i) = -i**3 - 6*i**2 - 24*i - 45. What is the remainder when 203 is divided by n(-4)?
13
Suppose 4*x = -0*x + 540. Suppose 4*a - 129 = x. What is the remainder when a is divided by ((-34)/(-3))/((-2)/(-3))?
15
Suppose -4*a = -d + 2*d - 135, -a - d + 33 = 0. Let m(i) = 2*i**2 + 8*i - 6. What is the remainder when a is divided by m(-6)?
16
Suppose -w + 3 = 2*a + 6, 0 = -3*w + a + 19. Suppose -7 - w = -2*t. Calculate the remainder when t is divided by 3.
0
Let o = -2 - -5. Suppose -o*j + 6*j - 24 = 0. Let d(q) = 28*q - 139. What is the remainder when d(6) is divided by j?
5
Suppose -5*f + 487 = 4*z, 4*f - 398 = z - 0*z. Let j = 2382 - 2362. What is the remainder when f is divided by j?
19
What is the remainder when (-243)/(-3) - (11 - 15) is divided by 52?
33
Let w(j) = j**2 - 4*j - 8. Let s be w(6). Suppose 0 = -4*x - s*c + 60, -3*x - 3*c - 23 = -4*x. What is the remainder when 63 is divided by x?
12
Suppose 4*g - 8 = -k, 3*k - 6 + 0 = -3*g. Suppose 3*i + 60 = 2*l, -5*l - 3*i + 175 = g*i. Suppose 7*b - l = 79. What is the remainder when b is divided by 9?
7
Suppose 2*l = l + 12. Let u = l - 12. Suppose -z - z + 26 = u. What is the remainder when z is divided by 7?
6
Let x = -90 + 82. Calculate the remainder when -1 + 1 - (-18)/1 is divided by ((-44)/x)/((-5)/(-10)).
7
Let t(h) = -3*h + 9. Let j be ((-3)/(-1))/(12/(-40)). Let s be t(j). Let r = s + -16. Calculate the remainder when r is divided by 12.
11
Let u(v) = -v**3 - 9*v**2 + 38*v - 24. What is the remainder when u(-13) is divided by 80?
78
Suppose 5*w - 35 = -8*l + 7*l, w = 5*l - 97. Suppose -3*q = -22 - 2. What is the remainder when l is divided by q?
4
Suppose -3*s = -d + 8 + 2, 0 = -2*d + 5*s + 18. Suppose d*v + 3 = 31. Calculate the remainder when 27 is divided by v.
6
Let y(w) = -15*w + 69. What is the remainder when y(-4) is divided by 12?
9
Let o = 3 - -8. Let i(s) = -15*s - 331. What is the remainder when i(-27) is divided by o?
8
Suppose 0 = 4*v - 9*v + 30. Suppose -v*w = -5*w - 70. What is the remainder when w is divided by 8?
6
Let j = 45 + -23. Let k be 0/2 + (53 - (2 + -1)). Let b = k - 44. What is the remainder when j is divided by b?
6
Suppose -3*t - 3*t + 516 = 0. What is the remainder when t is divided by 15?
11
Let x = -173 + 193. Let t(u) = 8*u - 1 - 4 - 2*u**2 + u**2. Calculate the remainder when x is divided by t(4).
9
Let t be 12/(-18)*30/(-2). Let m = 6 + t. Calculate the remainder when (-2739)/(-45) + 2/15 is divided by m.
13
Let f(w) = -3*w + 15. Let l be f(-9). Let x = -4 + l. Calculate the remainder when x is divided by 20.
18
Let h = 1426 + -1410. Calculate the remainder when 83 is divided by h.
3
Suppose -23*d = -22*d - 3*s - 13, 3*d - s - 31 = 0. Calculate the remainder when d is divided by 8.
2
Suppose -5*n = 4*v - 503, n - 200*v = -205*v + 109. Calculate the remainder when 148 is divided by n.
49
Let v = 232 + -145. Let z = v - 58. What is the remainder when z is divided by 15?
14
Calculate the remainder when -5 + (221 - (-4)/1) is divided by 58.
46
Let h(k) = -37*k + 342. Calculate the remainder when 434 is divided by h(6).
74
Let i be (-4 - -4)/(2/2). Suppose x = -5*c - 4, 0*c + 3*c = -3. Suppose -u + 0*u = b - x, i = -4*u + b + 29. Calculate the remainder when 9 is divided by u.
3
Suppose -j - 9 - 24 = -y, -2*y - 4*j + 90 = 0. Calculate the remainder when y is divided by (-1)/((-6)/(-39))*-2.
11
Let b(u) be the third derivative of 7*u**4/24 - 3*u**3/2 - 15*u**2. Let n = -1 + 5. Calculate the remainder when 55 is divided by b(n).
17
Suppose 2*h - 3*q + 42 = -q, 5*q = 0. Let l = 74 - h. Calculate the remainder when l is divided by 12.
11
Let b = 6 - -5. Let c = -13 + b. What is the remainder when 9 is divided by (-6 + (c - -5))/(-1)?
0
Let r = 138 - -76. Calculate the remainder when r/((-8)/4 + 4) is divided by 11.
8
Let z be (-280)/12*24/20. Let b = -22 - z. What is the remainder when 2*(2 + 13/2) is divided by b?
5
Suppose 0 = 28*d - 26*d + 8. Let o be (d/(-5))/(14/105). Suppose -19 = -2*r + o*b - b, 0 = -3*r + 2*b + 23. What is the remainder when 18 is divided by r?
4
Let x(f) = -2*f + 35. Suppose 0 = 2*g - 5*g + 2*p + 51, 4*g = -3*p + 85. Calculate the remainder when g is divided by x(16).
1
Suppose y = -2*y + 885. What is the remainder when y/9 - (-6)/27 is divided by 14 - 3/((-6)/8)?
15
Let n(g) = 79*g**3 - g**2 - 4*g + 4. Suppose 25 = 4*z + 21. Calculate the remainder when n(z) is divided by 27.
24
Calculate the remainder when 56 is divided by 1*(-1 + 2 - (-192)/32).
0
What is the remainder when 218 is divided by 0 + 5 + (-6 + -6)/(-2)?
9
Suppose n + 61 = 3*l + 6*n, -n + 5 = 0. Let y = l + 12. Let w = y + -13. What is the remainder when 32 is divided by w?
10
Let o(l) = l**2 + 4*l + 9. Let f = -126 + 180. What is the remainder when (f/4)/((-2)/(-8)) is divided by o(-5)?
12
Let p(j) = j**2 + 5*j + 24. Let f be p(-13). Let y = 191 - f. Calculate the remainder when y is divided by 6.
3
Suppose -65 + 1 = -4*c. What is the remainder when 45 is divided by c?
13
Suppose -13*q + 16 = -9*q. Suppose 278 = 4*g - 2*v - v, -q*v = -4*g + 276. What is the remainder when g is divided by 25?
21
Let c = 239 - 225. Calculate the remainder when 123 is divided by c.
11
Let r = 40 - 22. Suppose -3*s - 66 + 14 = 5*p, s - 2*p = -32. What is the remainder when r is divided by (-234)/s - 2/(-8)?
8
Let w = 586 + -550. What is the remainder when 318 is divided by w?
30
Suppose -5*z = -4*z - 4. Let p(g) = g**3 - 8*g**2 + 12*g + 9. Let j be p(5). Let y(r) = -2*r**2 - 13*r - 1. Calculate the remainder when y(j) is divided by z.
1
Suppose 2*r = -3*r - 70. Let v = r - -16. Suppose 20 = v*h + 3*h. What is the remainder when h is divided by 2?
0
Let o = 8 - -47. Let u(p) = -p**2 - p - 2. Let j be u(0). Calculate the remainder when o is divided by 639/45 - j/(-10).
13
Let v = 26 + -21. Suppose -10 = -6*t + t. Calculate the remainder when ((0 - t) + -15)/(-1) is divided by v.
2
Suppose 0*h = -3*y + h + 124, -2*h = 3*y - 112. Let a(q) = 12*q + 34. Let t be a(9). Let n = t + -128. What is the remainder when y is divided by n?
12
Let q(y) = -y**2 - 14*y + 63. Calculate the remainder when q(-16) is divided by 18.
13
Suppose 0*a + 4*a = 0. Let j be -6 - -7 - (1 - 5). Suppose -5*w - 2*v - 3*v + 40 = a, -j*v = -3*w - 8. What is the remainder when 6 is divided by w?
2
Let k(a) = -a**2 - 18*a - 19. Let v be (-1 - 8) + -1 + 3. Let w(q) = 3*q**2 + 3*q - 3. Calculate the remainder when k(v) is divided by w(-3)